hen o is divided by 11?
8
Let a = 98 - 83. Let m(p) = 9*p - 118. What is the remainder when 166 is divided by m(a)?
13
Suppose 0 = 55*l + 9276 - 39141. What is the remainder when l is divided by 184?
175
Suppose 853 = -38*h - 796 + 2181. Suppose -2*y = -138 + 2. Suppose -124 = -3*q + y. What is the remainder when q is divided by h?
8
Suppose -36*m = 18*m - 6750. Calculate the remainder when m is divided by 3.
2
Let p = -12666 - -12682. Suppose -9 - 5 = -2*m. Calculate the remainder when p is divided by m.
2
Let p(w) be the third derivative of 5*w**4/24 - 5*w**3/3 - 19*w**2. Let r(z) = -55*z**3 - z**2 - z + 1. Calculate the remainder when r(-1) is divided by p(6).
16
Let y = -638 + 1243. What is the remainder when y is divided by -23 + (15 - (14 + -30))?
5
Suppose 428 = -123*j + 1781. What is the remainder when 212/6*3/2 is divided by j?
9
Let f be 633*(-3)/(-12) + (-42)/(-56). Let d = f - 125. What is the remainder when d is divided by 9?
7
Suppose -2*m = h + h - 22, -2*h = -m + 14. Let t = 126 - 281. Let w = 223 + t. Calculate the remainder when w is divided by m.
8
Let d = 3115 - 3106. What is the remainder when 638 is divided by d?
8
Let v = 52 - 44. Let y(m) = -m + 22. Let g be y(v). Suppose 3*s - g = -3*n + 10, 3*n - 3*s = 12. Calculate the remainder when 17 is divided by n.
5
Let b = -36560 - -36588. What is the remainder when 842 is divided by b?
2
Let d = 1 - 1. Suppose 57 = -d*o + 3*o. Let y = 1429 + -1393. Calculate the remainder when y is divided by o.
17
Suppose -136*f = 67*f + 51*f - 230632. Calculate the remainder when f is divided by 14.
12
Let s(p) = -754*p + 2368. Suppose h - 57 = -2*g, -6*g + 3*g = 5*h - 96. Calculate the remainder when s(3) is divided by g.
25
Suppose 0 = -6*b - 9*b + 1520 + 490. What is the remainder when b is divided by 15?
14
Suppose -26*h = -1753 + 557. Let k(l) be the third derivative of l**5/15 + l**4/24 - 2*l**3/3 - 9*l**2. What is the remainder when k(-5) is divided by h?
45
Let m = -15537 - -22609. What is the remainder when m/38 - (-7 - (-540)/76) is divided by 21?
18
What is the remainder when 7/(8 - -6)*1342 is divided by 107?
29
Suppose -2*s + 6960 = 10*b, 4*b + 3*s + 2070 = 7*b. What is the remainder when 707 is divided by b?
12
Suppose -3*z = -12, -u + 21 + 5 = -2*z. Let n = 115 - -7. What is the remainder when n is divided by u?
20
Suppose 121*f - 41744 = 14642. Calculate the remainder when f is divided by 39.
37
Suppose 3*c - 512 = 133. Suppose -2*b = 2*v - 78, 2*v + 108 = -156*b + 160*b. What is the remainder when c is divided by b?
29
Suppose -15*k + 59*k = 4224. What is the remainder when 3550 is divided by k?
94
Suppose -71746 = -112*v - 7122. What is the remainder when v is divided by 53?
47
Suppose -2*v + 964 = 2*v + 2*u - 1376, 0 = -u. Calculate the remainder when v is divided by 29.
5
Suppose 16*h = 7414 - 5798. Calculate the remainder when 7472 is divided by h.
99
Let x = -4505 + 4620. What is the remainder when 219 is divided by x?
104
Let j be ((-40)/(-4 + 0))/(4/(-44)). Let z = -102 - j. What is the remainder when 143 is divided by z?
7
Suppose -2011 + 1516 = -5*q. What is the remainder when 191 is divided by q?
92
Let p = -142 - -237. Let w = 20649 - 20607. Calculate the remainder when p is divided by w.
11
Suppose -2*q + 32 = 5*w, 24 = 557*w - 561*w. Suppose 2*h + 14 = p, 6 - 2 = -4*h. Calculate the remainder when q is divided by p.
7
Let v = 6172 - 6170. Calculate the remainder when 507 is divided by v.
1
Let l be 1683/(-68)*(-16)/3. Let d be 360/(-54)*l/(-10). Let s = -74 + d. Calculate the remainder when s is divided by 6.
2
Let l(v) = -2*v**2 - 4*v - 2. Let a be l(-2). What is the remainder when 17/51*(-2 - -50) is divided by (-22)/(-4)*2*(a + 3)?
5
What is the remainder when 399 is divided by (-10824)/770 + 14 - 8264/(-70)?
45
Let h(o) = -11*o - 14. Let r(g) be the first derivative of g**2/2 + 6*g + 12. What is the remainder when h(-3) is divided by r(-2)?
3
Suppose -870 - 1943 = -12*n - 809. Calculate the remainder when 594 is divided by n.
93
Suppose -168*r - 32306 = -148394. Calculate the remainder when r is divided by 208.
67
Let g(i) = -7*i - 9. Let r be g(-2). Let x be (87 + -2)/r - 2. Suppose -x + 9 = -3*b. Calculate the remainder when 2 is divided by b.
0
Suppose -53*m + 21*m + 7501 = 589. Calculate the remainder when 760 is divided by m.
112
Let z(i) = 91*i + 8038. What is the remainder when 390 is divided by z(-88)?
0
Suppose -20*f - 7*f = -0*f - 6561. Calculate the remainder when f is divided by 61.
60
Let f(j) = 26*j**2 + 71*j + 1836. What is the remainder when f(-27) is divided by 44?
41
Calculate the remainder when 1291950/3828 - 3*1/(-2) is divided by 42.
3
Let r = -4689 + 4926. What is the remainder when 7107 is divided by r?
234
Let u(o) = 5*o + 59. Let w(p) = -2*p - 1. Let j(m) = -u(m) + 5*w(m). What is the remainder when j(-11) is divided by 52?
49
Let h(q) = 18*q**2 + 19*q - 101. What is the remainder when h(4) is divided by 14?
11
Suppose -278*h + 430218 = 181*h + 55*h. What is the remainder when h is divided by 14?
11
Suppose 8*o = -21 + 21. Suppose -10*u + 15*u - 2855 = o. What is the remainder when u is divided by 41?
38
Suppose 0 = -6*r + 4*r - 5*x + 20, 3*r + 3*x = 30. Suppose 9*j = r*j + 4. Calculate the remainder when 166 is divided by (-625)/(-15) + j/(-12).
40
Let y(l) = -8*l - 186. Let p be y(-31). Suppose -53*b + p*b = 99. Calculate the remainder when 62 is divided by b.
7
Let l(s) = 4*s - 7. Let o be l(3). Suppose o*u + 6*x - 114 = 8*x, -x - 24 = -u. What is the remainder when 62 is divided by u?
18
Let w = -33 + 48. Let t = w + -7. Let j(o) = -12*o**2 - 101*o - 113. Calculate the remainder when j(-6) is divided by t.
5
Let n = 1598 - 989. Let y = -586 + n. Calculate the remainder when 250 is divided by y.
20
Let i = -13094 - -16529. What is the remainder when i is divided by 1716?
3
Suppose 8*z = 6*z + 338. Let g = 288 - z. Let p = g - 66. What is the remainder when p is divided by 19?
15
Suppose 3*t = -0*t + 2*s + 8, 0 = t + s - 1. Suppose t*i - 6 = 4*y, 0*y + i = -2*y - 1. Calculate the remainder when 0 + 2 + y - (-19 - -6) is divided by 11.
3
Let t(v) = -15*v**2 + 159*v + 59. What is the remainder when t(9) is divided by 83?
26
Let b = -412 + 600. Let q be -4 - (0 - (b - 3)). Suppose -4*j = -5*n + q - 27, -2*n = 3*j - 57. What is the remainder when 55 is divided by n?
25
Suppose 4*y + 2*r - 2050 = 0, 56*y - 51*y = 4*r + 2608. What is the remainder when y is divided by 23?
10
Suppose -2*q + 110 = 5*v - 4*q, 5*v = -q + 110. Suppose -11*p - 60 = -577. Suppose -p - 32 = -w - 4*u, -u = 0. What is the remainder when w is divided by v?
13
Let m be -26*19/(-2) - -3. Suppose 6*j = j + m. Suppose 3*o + 65 = -3*k + 350, -2*k + 3*o + 210 = 0. Calculate the remainder when k is divided by j.
49
Suppose -40 = -5*a - 5*g, 5*a + 14 = 2*g + 40. Suppose 0 = a*h - 307 - 101. Calculate the remainder when 474 is divided by h.
66
Let d(u) = -5*u**2 + 252*u + 26. What is the remainder when 5668 is divided by d(9)?
1
Let o(l) = -2*l + 79. Let n(t) = t**3 - 10*t**2 + 4*t + 47. Calculate the remainder when o(28) is divided by n(9).
1
Let h = 226 - 215. Suppose 6*l = h*l - 115. What is the remainder when 110 is divided by l?
18
Let f = 133 - 125. Let x(l) = -3*l**2 + 38*l - 6. What is the remainder when x(f) is divided by 9?
7
Let y be (-41)/246 - (-2)/12. Suppose 51 = z + 5*u, y*z - 4*z + 109 = u. What is the remainder when z is divided by 16?
10
Let a(f) = -f**3 - 22*f**2 + 80*f + 143. Calculate the remainder when 1091 is divided by a(-25).
11
Suppose -760 = -8*b - 30*b. Let v = b + -6. Calculate the remainder when 362 is divided by v.
12
Suppose 0 = 2*z - n - 17, z - n - 4*n + 5 = 0. What is the remainder when 42 is divided by 24/(-1020)*-17 - (-266)/z?
15
Suppose 9753 - 649 = 2*t - b, -2*b = -t + 4555. Calculate the remainder when t is divided by 99.
96
Suppose -6 = -6*p + 24. Suppose -a + 16 = r, -p*a + 84 = 2*r + 19. Suppose -7*x - a = -8*x. What is the remainder when 40 is divided by x?
7
Let k(a) = 126*a + 46. Let p(m) = -2*m**3 - 10*m**2 + m - 8. What is the remainder when p(-7) is divided by k(0)?
43
Suppose 0 = -47*j + 44 + 285. Suppose -98 = j*g - 308. Let s = -21 - -78. Calculate the remainder when s is divided by g.
27
Let w(m) = -3*m - 10. What